, what is 11 + 212?
223
In base 15, what is -1948 + 3?
-1945
In base 6, what is 2 - 1141?
-1135
In base 11, what is -7 - -17?
10
In base 9, what is -14 + 2?
-12
In base 14, what is d8 + -2?
d6
In base 10, what is 3086 + 2?
3088
In base 3, what is -112 + -11112?
-12001
In base 6, what is 5 - -14313?
14322
In base 8, what is 5 - -42?
47
In base 3, what is 1 - -1102?
1110
In base 2, what is 101 - -110100000010?
110100000111
In base 6, what is -1 - 303?
-304
In base 12, what is -3 - 213?
-216
In base 15, what is 3b - 4?
37
In base 4, what is -12 - 133?
-211
In base 10, what is -230 + 2?
-228
In base 13, what is 80 - -5?
85
In base 12, what is -543 - -3?
-540
In base 11, what is -4 - -53?
4a
In base 8, what is -147 + -3?
-152
In base 10, what is 346 - 1?
345
In base 10, what is 44 + 1?
45
In base 8, what is -3623 + 5?
-3616
In base 12, what is 4 - -123?
127
In base 2, what is -101 + 1111?
1010
In base 11, what is 5 + 3?
8
In base 16, what is -1d - -ef?
d2
In base 4, what is 22 + 2?
30
In base 8, what is 2 - -55?
57
In base 4, what is 12 + -122?
-110
In base 11, what is -a + 186?
177
In base 8, what is 360 - -1?
361
In base 12, what is 66b + -1?
66a
In base 13, what is -9 - -63?
57
In base 11, what is 2 - 17a4?
-17a2
In base 15, what is 4 + -9a?
-96
In base 11, what is 7 - 31?
-25
In base 9, what is -268 + -35?
-314
In base 11, what is 3 + 13?
16
In base 10, what is 64 + -4?
60
In base 16, what is -16 + a?
-c
In base 11, what is -218 + 1?
-217
In base 11, what is -1 + 864?
863
In base 4, what is 232 - 21?
211
In base 14, what is 0 - -29?
29
In base 8, what is -274 + -6?
-302
In base 3, what is -212002 + 1?
-212001
In base 14, what is -114 - 7?
-11b
In base 14, what is 4 + 141?
145
In base 16, what is -16c + 1?
-16b
In base 2, what is 1000111100010 - -11?
1000111100101
In base 10, what is -622 - -3?
-619
In base 7, what is -2 - 152?
-154
In base 5, what is -1020 - -20?
-1000
In base 3, what is 11 - 1122?
-1111
In base 15, what is -2a8 + -5?
-2ad
In base 4, what is 0 + 3021?
3021
In base 16, what is -9 - 4?
-d
In base 5, what is -1233 + 122?
-1111
In base 8, what is -3 + -14?
-17
In base 15, what is 1 + -5?
-4
In base 7, what is 3 - 334?
-331
In base 14, what is -3 - 395?
-398
In base 10, what is 723 - -5?
728
In base 10, what is -10 + -58?
-68
In base 6, what is -1342 + -3?
-1345
In base 9, what is 780 + 0?
780
In base 6, what is 2 + -1350?
-1344
In base 4, what is 1 + 112?
113
In base 9, what is 5 + -4?
1
In base 9, what is -8 - -4?
-4
In base 10, what is -1 - 102?
-103
In base 8, what is -5 - -14?
7
In base 15, what is 0 + -11?
-11
In base 2, what is -1001000 + -100?
-1001100
In base 12, what is -383 + 1?
-382
In base 12, what is 1873 + -4?
186b
In base 16, what is 8 + -76?
-6e
In base 2, what is 11110 - 110?
11000
In base 15, what is 24 + 2?
26
In base 15, what is -10 - -2?
-d
In base 2, what is -100111 + 10111?
-10000
In base 9, what is 1 + 55?
56
In base 7, what is 13 - 64?
-51
In base 13, what is -2 + -7?
-9
In base 6, what is 22033 - -5?
22042
In base 14, what is -10 + -7c?
-8c
In base 2, what is 101 - -10101110?
10110011
In base 10, what is -425 + 5?
-420
In base 8, what is -75 - 1?
-76
In base 12, what is 1850 - -2?
1852
In base 9, what is -14 + -63?
-77
In base 5, what is -2 - -121121?
121114
In base 10, what is 816 + 4?
820
In base 11, what is 4 - -2068?
2071
In base 10, what is 43 + -1?
42
In base 16, what is 90 + -2f?
61
In base 5, what is 22 - -24?
101
In base 16, what is -8 + 6?
-2
In base 7, what is 2 + 65?
100
In base 5, what is 1312 - 10?
1302
In base 2, what is 100 + -1010110?
-1010010
In base 7, what is 245 - 5?
240
In base 12, what is 2 + -447?
-445
In base 8, what is -14 + -27?
-43
In base 5, what is -22 + 233?
211
In base 15, what is -5 + -586?
-58b
In base 11, what is -3 + 40?
38
In base 2, what is 1011011011 + -1010?
1011010001
In base 14, what is 0 - 72?
-72
In base 12, what is 6 + 7?
11
In base 3, what is 2110 + -100?
2010
In base 16, what is -3b5 + -4?
-3b9
In base 4, what is 11011 - 2?
11003
In base 2, what is -11000 + -1101?
-100101
In base 10, what is 15 - -3?
18
In base 12, what is 4011 - -3?
4014
In base 4, what is 1203 - 110?
1033
In base 7, what is -66 - 46?
-145
In base 12, what is -b47 - -5?
-b42
In base 3, what is 12 - -1101001?
1101020
In base 9, what is 733 + 1?
734
In base 10, what is -295 - -5?
-290
In base 7, what is -2 + -34?
-36
In base 6, what is 20 - 3?
13
In base 14, what is 9 - -12?
1b
In base 15, what is -255 + -1?
-256
In base 6, what is -425 + -4?
-433
In base 16, what is 174a - 0?
174a
In base 8, what is 2 - 26?
-24
In base 10, what is 12 - -14?
26
In base 16, what is -2275 + 0?
-2275
In base 14, what is 241 + -1?
240
In base 10, what is -5 - -621?
616
In base 7, what is 15 + -5355?
-5340
In base 7, what is 445 + -4?
441
In base 9, what is -4 + 704?
700
In base 8, what is -15 + 546?
531
In base 16, what is 5 - 0?
5
In base 11, what is 8 - -2?
a
In base 12, what is -13 - 2?
-15
In base 4, what is -2031103 + 3?
-2031100
In base 2, what is -1001 - 101?
-1110
In base 12, what is -2004 - -10?
-1bb4
In base 4, what is -23 - 30?
-113
In base 10, what is 160 - 0?
160
In base 15, what is 478 + -c?
46b
In base 10, what is 4 + -26?
-22
In base 14, what is 4 + -56?
-52
In base 13, what is b1 - a?
a4
In base 9, what is -7 - -25?
17
In base 5, what is 10 + -302?
-242
In base 16, what is 3 - -917?
91a
In base 12, what is 741 - -1?
742
In base 4, what is -12321 - 2?
-12323
In base 4, what is -113010 + -11?
-113021
In base 15, what is -aa + -a?
-b5
In base 10, what is -176 - 2?
-178
In base 3, what is -110 - 11212?
-12022
In base 4, what is 3 - -30032?
30101
In base 8, what is -111031 - -4?
-111025
In base 4, what is 1302 + -3?
1233
In base 16, what is -1 - 3a?
-3b
In base 7, what is 1 - -2335?
2336
In base 6, what is 0 + 105?
105
In base 15, what is 2 - 20?
-1d
In base 12, what is -16 + -1?
-17
In base 12, what is -a0 - -2?
-9a
In base 11, what is -181 + 0?
-181
In base 3, what is -10 - -10011?
10001
In base 11, what is -209 + 5?
-204
In base 6, what is 145 - 41?
104
In base 3, what is 102100020 + -2?
102100011
In base 12, what is -97 - -6?
-91
In base 14, what is c + 14?
22
In base 6, what is -3 + 12230?
12223
In base 11, what is 2 - 34?
-32
In base 13, what is 177 + 2?
179
In base 7, what is 0 - -210?
210
In base 14, what is 0 + 56?
56
In base 2, what is -1010 - 10?
-1100
In base 14, what is -2d - -19b?
16c
In base 5, what is -4 + -1220?
-1224
In base 11, what is -300 - 4?
-304
In base 5, what is -1211 + -2?
-1213
In base 10, what is 8 - -62?
70
In base 16, what is 11 + 1f?
30
In base 15, what is 66a + 2?
66c
In base 13, what is -a1b - 5?
-a23
In base 2, what is -1100 + -110010101?
-110100001
In base 3, what is 21002200 - 1?
21002122
In base 12, what is 3 + 47?
4a
In base 5, what is 3 - 114?
-111
In base 8, what is -611 - -5?
-604
In base 12, what is -a5 + 46?
-5b
In base 7, what is -13 + 0?
-13
In base 10, what is 448 - 6?
442
In base 6, what is 200 - 143?
13
In base 9, what is -26 - -1?
-25
In base 6, what is 3 - 33555?
-33552
In base 14, what is 1b23 + 1?
1b24
In base 10, what is 8 - 2?
6
In base 16, what is d - -11?
1e
In base 3, what is -102101111 + -2?
-102101120
In base 6, what is 410 - -3?
413
In base 9, what is -45 - -2?
-43
In base 11, what is 107 + 0?
107
In base 15, what is 3d8 + 0?
3d8
In base 5, what is -4230 + -10?
-4240
In base 3, what is -102101 + 11?
-102020
In base 9, what is -2 - 80?
-82
In base 11, what is 57 - 4?
53
In base 3, what is 1 + 222211?
222212
In base 12, what is -206 - -2?
-204
In base 3, what is -1 + -112221?
-112222
In base 13, what is 14 + -8c?
-78
In base 13, what is 476 + 4?
47a
In base 15, what is -1 - -124?
123
In base 11, what is -75 + 2?
-73
In base 9, what is -106 - 4?
-111
In base 4, what is 32223 - 0?
32223
In base 7, what is 1501 - -3?
1504
In base 8, what is -3 - -1715?
1712
In base 11, what is -5 + -53?
-58
In base 5, what is -3 - -1343?
1340
In base 14, what is -29b + -3?
-2a0
In base 12, what is 149 - -5?
152
In base 2, what is -10 + 1000?
110
In base 16, what is -5 + 4a?
45
In base 4, what is -311 - -10?
-301
In base 8, what is -4 - -10556?
10552
In base 5, what is 121 - 31?
40
In base 3, what is 1 - 1012102?
-1012101
In base 6, what is 30235 + 5?
30244
In 